 -3*w - 2*w = -p. Is 14 a factor of w?
False
Suppose 3*w - 1638 = -6*w. Is 41 a factor of w?
False
Let q = -7 - -13. Let a(l) = l**2 + l + 1. Let z(j) = j**3 - 8*j**2 - 6*j + 4. Let y(x) = -2*a(x) - z(x). Is y(q) a multiple of 9?
True
Let t be 52/14 - (-4)/14. Suppose 0 = t*h - 31 - 113. Suppose -p = p - h. Is p a multiple of 9?
True
Suppose -3*s + 271 = -2*o, -5*o - 424 - 26 = -5*s. Suppose 2*y - s + 13 = 0. Is y a multiple of 13?
True
Let b(w) = 3*w. Let i be b(-2). Let p = 1 - i. Is p a multiple of 6?
False
Let n(j) = -3*j**3 + 2*j**2 + 4*j + 29. Is n(-4) a multiple of 17?
False
Suppose -5*i + 421 = g, 5*g + 171 = 2*i + 8*g. Is 28 a factor of i?
True
Let j(v) = 14*v + 2. Let y be j(3). Suppose 5*a - y - 6 = 0. Let f = a + 0. Is 5 a factor of f?
True
Let k = -44 - -65. Is k a multiple of 7?
True
Let d(o) = o**2 + 18*o + 9. Does 6 divide d(-22)?
False
Suppose 5*w - 4*w = 2. Suppose -3*d = -w*d - 5. Does 2 divide d?
False
Suppose 0 = 9*i - 13*i + u + 721, 3*i + 3*u - 537 = 0. Is i a multiple of 15?
True
Let j = 140 + -34. Is 11 a factor of j?
False
Let q(j) = -j + 14. Let k be q(6). Let a(s) = s**2 - 3*s - 9. Is 8 a factor of a(k)?
False
Let q(v) = v + 13. Let d be q(-11). Is 16 a factor of (d - 6)/(14/(-63))?
False
Let j(x) = x**3 - 11*x**2 + 12*x - 8. Let t be j(10). Suppose t + 18 = -5*g. Is 932/28 - g/(-21) a multiple of 23?
False
Suppose -5*g + 22 = c, 0 = 2*g - 7*g - 2*c + 24. Suppose -7*d + 2*a = -4*d + 69, 4*d = g*a - 96. Let q = 34 + d. Is 5 a factor of q?
False
Let u = -13 + -30. Let b = 74 + u. Suppose -159 - b = -5*a. Is a a multiple of 12?
False
Let h = -87 - -97. Does 10 divide h?
True
Suppose 3*p + p + 176 = 0. Let k = -3 - p. Is 13 a factor of k?
False
Suppose 4*u + u + 5*i = 40, 8 = 4*u - 2*i. Suppose -2*d - 2 = 2*q - 0, u*d - q = 16. Suppose -30 = -d*r + r. Does 10 divide r?
False
Let v = 7 + 1. Suppose -10*d = -v*d - 88. Is 22 a factor of d?
True
Suppose -8 = h - 3*h. Let j = 4 - h. Suppose -4*s + 16 = j, 3*g - 3*s = -0*s + 54. Does 11 divide g?
True
Suppose 0*u = u. Let r = u + 40. Is 16 a factor of r?
False
Let k(j) = -j**2 + 8*j + 1. Let r be k(7). Let v be r/6*6/(-4). Let f = v - -12. Does 4 divide f?
False
Let z(y) = y**2 + 5*y - 3. Let c be z(-6). Suppose 248 = 5*k + 53. Is 1 + -1 + k/c a multiple of 7?
False
Suppose j = -13 + 50. Is j a multiple of 20?
False
Let u(g) = g + 2. Let w(o) = -2*o - 3. Let z(i) = 6*u(i) + 4*w(i). Suppose 5*r = -n + 15 - 1, 0 = 4*r - 16. Does 11 divide z(n)?
False
Let o be -6*((-105)/18)/7. Suppose 0 = -5*t + o, -4*b - 3*t = -17 - 30. Is 9 a factor of b?
False
Let u be (-2 - 1/(-1))*-26. Is (u/(-3))/((-22)/33) a multiple of 3?
False
Suppose -5*v + v = 456. Let w be v/(-4)*8/6. Suppose -h + w = h. Does 19 divide h?
True
Let u = -140 + 237. Is 11 a factor of u?
False
Let b be (-2158)/(-14) + (-3)/21. Suppose -2*t = -2*s + 2, -s - 2*t + 5 = -t. Suppose -5*y - 48 + b = -2*i, 2*y + s*i - 31 = 0. Is 15 a factor of y?
False
Suppose 0 = k - 1 - 33. Does 12 divide k?
False
Let b(d) be the second derivative of d**5/10 + d**2/2 - 3*d. Let l be b(1). Suppose l*h = -2*z + 93, -5*z = -2*h + 3*h - 239. Does 18 divide z?
False
Let b(r) = 3*r**2 + 27*r + 18. Let q(s) = s**2 + 9*s + 6. Let d(g) = 2*b(g) - 7*q(g). Is d(-7) a multiple of 8?
True
Let b(d) = -d**3 + 6*d**2 + d - 4. Let c be b(6). Suppose 5*p = -2*t + 33, c*p = -p + 4*t - 1. Is 5 a factor of p?
True
Let y(x) = -x**2 + 4*x - 2. Let h be y(4). Does 19 divide (80/h)/((-2)/2)?
False
Let b(u) = -21*u. Is b(-1) a multiple of 7?
True
Let f(h) = -h - 22. Let d be f(-14). Let t(w) be the second derivative of w**4/12 + 7*w**3/6 + w. Is t(d) a multiple of 4?
True
Suppose 2*l = 25 + 15. Is l a multiple of 6?
False
Let m be ((-8)/(-12))/((-2)/(-12)). Suppose 0 = m*h - 103 - 17. Suppose 0*r - 5*r = -h. Does 2 divide r?
True
Let h = 51 - -50. Let b be 8/(-7)*7/(-2). Suppose -3 - h = -b*n. Is n a multiple of 13?
True
Let a(l) = 5*l - 19. Does 9 divide a(11)?
True
Let f(o) = -o**2 + 11*o. Let b be (-84)/(-70)*20/3. Is 24 a factor of f(b)?
True
Is 8 a factor of -1*(-96)/(-3 + 6)?
True
Let i(j) = 25*j**2 - 2*j + 1. Let u be i(1). Is 7 a factor of (6/u)/(2/104)?
False
Let n = 78 - 6. Is n a multiple of 8?
True
Let k(u) = u**2 + u + 21. Let h be (-1)/4 - 9/(-4). Let r(l) = -l**2. Let q(c) = h*r(c) + k(c). Is 10 a factor of q(0)?
False
Let g(o) be the first derivative of 16*o + 0*o**2 + 1/3*o**3 - 2. Is g(0) a multiple of 8?
True
Let h = -10 - 14. Let j = h + 54. Is 10 a factor of j?
True
Let h be 106/10 - 6/(-15). Suppose 3*j = 6*j. Suppose v - g - h = j, 3*g - 11 = -5*v + 28. Is 9 a factor of v?
True
Let g be (-266)/(-18) - 4/(-18). Suppose 0 = 5*f - g - 60. Is 13 a factor of f?
False
Let x = 10 - 3. Is x a multiple of 3?
False
Let o(i) = i + 1 - 3*i - i. Let q be o(-7). Let r = q - -2. Is 12 a factor of r?
True
Let b(y) be the second derivative of -y**6/360 + y**5/120 + 17*y**4/24 - y**3/6 + y. Let d(f) be the second derivative of b(f). Is 6 a factor of d(0)?
False
Let k = 6 - 2. Is 9 a factor of k/(-14) - 288/(-28)?
False
Let z(f) be the first derivative of -f**3/3 + 4*f**2 + f + 1. Let x = -25 - -32. Is 6 a factor of z(x)?
False
Suppose -7*j + 5*q = -2*j - 20, 5*j + 5*q = 30. Suppose -j*o + 34 = -4*o. Does 17 divide o?
True
Suppose -2*d + 939 = d. Suppose -4*u + 20 = 0, -h - 2*h + u = -d. Let b = h + -76. Does 10 divide b?
True
Let o(l) be the first derivative of 5*l**2 - 2. Let k be o(-7). Does 6 divide k/(-12) - 3/(-18)?
True
Let n(o) = 7*o - 5. Let b(s) = -2*s - 8. Let u be b(-7). Is 25 a factor of n(u)?
False
Suppose -17*v = -20*v + 33. Is 11 a factor of v?
True
Suppose -4*n = -n. Suppose -20 = -n*q + 4*q. Let l = 8 + q. Is l even?
False
Suppose d + 2 = 2*q, -4*q - 2 = 3*d - 6. Let k(z) = -z**3 + z**2 - z + 10. Is k(d) a multiple of 10?
True
Let v(w) = w + 13. Let t be 9*1*(-16)/(-12). Does 25 divide v(t)?
True
Suppose 18 = 3*h + 6. Suppose h*r = 2*r + 104. Is 28 a factor of r?
False
Suppose 4*j = 3*f + 59 - 147, -4*f - j = -149. Is 12 a factor of f?
True
Suppose -3*q = 2*j + 3*j - 167, 4*j - 139 = 3*q. Suppose -3*r = 2*r - 15. Suppose -g + 4*o = o - j, 3*g - 54 = -r*o. Does 22 divide g?
True
Let h = -6 + 6. Suppose g + h*g - 14 = 0. Let i = -8 + g. Is 4 a factor of i?
False
Let b = -7 - -33. Does 13 divide b?
True
Let v be (12/30)/(4/10). Is 15 a factor of -15*1/(v - 2)?
True
Suppose -6*h + 212 = -2*h. Let m = 9 + h. Is 14 a factor of m?
False
Suppose 7*u - 167 - 309 = 0. Does 4 divide u?
True
Suppose 5*t - 3*t + 252 = 0. Does 7 divide (18/27)/((-4)/t)?
True
Let v be 0*((-5)/(-2) - 2). Let g = 21 + -17. Suppose 4*d + g - 132 = v. Is d a multiple of 19?
False
Is -4 + (46 + -2 - -2) a multiple of 14?
True
Let u be (3/(-6))/((-2)/8). Suppose -4*z + 86 = 3*w, 5*z + u*w = 171 - 60. Is 17 a factor of z?
False
Suppose -10 + 28 = -3*t. Let b = t + 0. Is 6*((-27)/b)/1 a multiple of 8?
False
Is 0 - (567/(-3) - 3) a multiple of 32?
True
Suppose k = -2*f + 4*k + 131, -f + 69 = 2*k. Is 7 a factor of f?
False
Does 10 divide 4/((-1)/(-30)*2)?
True
Let h = -12 - -4. Is (48/2)/((-12)/h) a multiple of 7?
False
Let t = 305 - 217. Let a = -63 + t. Suppose a - 4 = s. Does 9 divide s?
False
Let s be (2 + -2)*1 + 5. Suppose 0 = -5*h - 3*g + 14 + 31, -21 = -3*h - 3*g. Suppose s*w - h = -5*j + 163, -2*j = -4*w + 122. Is 16 a factor of w?
True
Suppose 9*m - 4*m = -20. Let y = 54 + m. Is y a multiple of 20?
False
Let g be 6/(-10) - (-56)/10. Suppose 5*y = 4*n - 29, -50 = -4*n - g*y + 3*y. Does 11 divide n?
True
Suppose 0 = -2*m + m + 23. Does 23 divide m?
True
Let q(g) = -6*g - 2. Is 16 a factor of q(-3)?
True
Let x be (-4)/(-14) + (-1211)/(-49). Suppose -9 = 4*c + 5*g - 0, 0 = 5*g + x. Is 2 a factor of c?
True
Let u(f) be the third derivative of f**4/24 - f**3/3 - f**2. Let b be u(6). Suppose -b*j + 25 = -47. Is 7 a factor of j?
False
Does 6 divide (3 + -6 + 4)*(26 + 0)?
False
Let s(z) = 2*z - 2. Let a(u) = 1. Let l(k) = -2*a(k) - s(k). Let t be l(1). Does 10 divide (-1)/2 + (-45)/t?
False
Let q be (6 - 7)*(-16)/(-2). Let v = q + 16. Does 8 divide v?
True
Suppose -5*m + 3*m + 36 = 0. Is m a multiple of 6?
True
Let s(p) be the second derivative of 49*p**4/12 - p**3/6 - p**2/2 - 9*p. Does 11 divide s(-1)?
False
Let u be (36/10)/((-1)/(-5)). Does 16 divide (4 + 1)/(2/u)?
False
Let n